5
Let u(w) = -w**3 - 8*w**2 + 5*w - 26. Calculate u(-9).
10
Let v(s) = s**3 - s**2 + 3*s - 7. Determine v(3).
20
Let c(p) = -3*p + 23. Determine c(13).
-16
Let j(x) = x**3 + x**2 + x + 16. What is j(0)?
16
Let f(j) = 6*j + 13. Determine f(5).
43
Let x(p) = -12*p**3 - 2*p**2 + 2*p - 1. What is x(1)?
-13
Let r(o) = o**3 - 11*o**2 + 3. Calculate r(11).
3
Let z(m) = -7*m + 7. What is z(-3)?
28
Let i(m) = -m. Give i(-6).
6
Let m(x) = -x**2 + 21*x + 543. Calculate m(-15).
3
Let d(h) = h**2 + 4*h - 15. Determine d(-7).
6
Let r(f) = 4*f**2 - f - 3. Give r(-2).
15
Let x(u) = u**2 + 8*u - 17. Give x(-9).
-8
Let l(s) = -s**2 + 19*s + 1. Determine l(19).
1
Let x(l) = 26*l - 76. Give x(3).
2
Let q(v) = 4*v - 8. Determine q(-3).
-20
Let q(v) = v**3 - 7*v**2 - 10*v - 12. What is q(8)?
-28
Let o(m) = -4*m + 14. Calculate o(-4).
30
Let b(f) = f**3 + 6*f**2 + 8*f - 1. Determine b(-4).
-1
Let z(a) = 138*a - 1. What is z(1)?
137
Let o(k) = 6*k + 3. What is o(-5)?
-27
Let j(b) = b**3 - 8*b**2 + 2*b + 3. Give j(2).
-17
Let i(b) = b**3 - 9*b**2 - 12*b + 30. Give i(10).
10
Let x(w) = 30*w + 1. Determine x(-2).
-59
Let m(i) = -13*i + 5. Calculate m(3).
-34
Let a(w) = -w**3 + 22*w**2 - 43*w + 27. Determine a(20).
-33
Let s(m) = m - 19. Give s(19).
0
Let h(o) = o - 4. Determine h(6).
2
Let c(o) = o**2 - 7*o - 71. What is c(-5)?
-11
Let x(a) = -2*a**2 - 13*a - 1. What is x(-6)?
5
Let u(n) = n**3 - 3*n**2 - 2*n + 1. Calculate u(3).
-5
Let j(c) = -4*c - 5. Determine j(5).
-25
Let p(x) = -x**2 + 31*x + 52. Determine p(33).
-14
Let l(a) = -a + 8. Calculate l(26).
-18
Let y(x) = -2*x - 3. What is y(-11)?
19
Let k(n) = n**2 + 11*n + 4. Give k(-12).
16
Let d(s) = -s**2 + 8*s - 4. What is d(9)?
-13
Let m(d) = 5*d + 10. Determine m(-5).
-15
Let v(k) = 2*k - 18. Give v(10).
2
Let h(y) = -y**3 - 5*y**2 - 4*y. Determine h(-3).
-6
Let d(z) = -35*z + 97. Determine d(3).
-8
Let s(u) = -u**3 - 11*u**2 + 14*u + 23. Determine s(-12).
-1
Let k(j) = j**2 + 6*j + 5. Give k(-3).
-4
Let y(l) = -l**2 + 12*l + 46. Determine y(15).
1
Let i(h) = 3*h - 4. Determine i(-7).
-25
Let m(v) = 84*v**3 - v**2 + v. Calculate m(1).
84
Let c(j) = -j**2 + 5*j - 6. Determine c(5).
-6
Let g(d) = 3*d - 85. Calculate g(22).
-19
Let u(c) = -3*c**2 - 2*c + 1. Give u(1).
-4
Let r(x) = x**3 - 45*x**2 - 195*x - 43. Determine r(49).
6
Let r(n) = -n + 11. Calculate r(24).
-13
Let h(g) = g**3 - 3*g**2 - 2*g + 1. Calculate h(2).
-7
Let p(t) = -t**3 + 2*t**2 - 2*t + 2. What is p(2)?
-2
Let c(u) = -4*u**2 + u - 2. Determine c(-2).
-20
Let a(d) = -7*d - 212. Calculate a(-28).
-16
Let l(t) = 2*t**2 - 5*t - 7. Determine l(0).
-7
Let s(p) = 26*p**3 + 4*p**2 + 2*p - 1. Calculate s(-1).
-25
Let t(h) = -5*h + 1. Give t(-1).
6
Let w(o) = 4*o**2 + o - 3. What is w(-3)?
30
Let y(o) = -o**2 - 10*o + 20. What is y(3)?
-19
Let q(t) = 2*t**2 - 5*t - 12. Calculate q(5).
13
Let u(a) = 3*a**2 - 17*a + 44. Give u(4).
24
Let u(d) = d**2 - 12*d + 2. Determine u(11).
-9
Let j(u) = u**2 + 12*u - 4. What is j(-12)?
-4
Let x(c) = c**2 - 8*c + 5. Calculate x(7).
-2
Let q(j) = j**2 - 16*j - 255. Calculate q(26).
5
Let g(b) = -b**3 + 4*b**2 + 2*b - 2. Give g(3).
13
Let l(s) = 6*s + 8. Calculate l(-6).
-28
Let r(w) = 20*w + 75. Calculate r(-4).
-5
Let w(d) = d - 15. Calculate w(6).
-9
Let i(l) = -5*l + 3. Give i(-1).
8
Let p(v) = 2*v**2 + 18*v + 35. What is p(-15)?
215
Let c(w) = -w**3 + 4*w**2 + 3*w - 4. Calculate c(6).
-58
Let i(t) = 2*t**2 + 28*t - 21. Calculate i(-9).
-111
Let n(z) = -8*z + 68. Calculate n(7).
12
Let g(q) = -18*q**3 - q**2 - 3*q + 2. Calculate g(1).
-20
Let m(r) = -4*r + 37. What is m(-24)?
133
Let w(y) = y**3 - 4*y**2 - 29*y - 15. Calculate w(-3).
9
Let o(v) = -3*v - 13. Determine o(-6).
5
Let t(n) = 3*n**2 + 5*n - 8. What is t(-5)?
42
Let h(q) = q**2 + 57*q + 257. What is h(-52)?
-3
Let s(o) = o**2 + 4*o - 7. Give s(-6).
5
Let y(u) = -u**2 - u. What is y(-1)?
0
Let d(c) = 38*c**3 - 2*c**2 + c. What is d(1)?
37
Let x(a) = a**3 + 11*a**2 - 12*a + 8. Calculate x(-12).
8
Let u(h) = -2*h**3 + 6*h**2 + 10*h - 14. Calculate u(4).
-6
Let a(k) = -k**3 - 6*k**2 - 4*k + 13. What is a(-6)?
37
Let h(c) = -16*c - 206. Determine h(-13).
2
Let y(f) = 2*f**2 + 54*f + 47. Give y(-26).
-5
Let x(f) = f**3 + 8*f**2 + 6*f - 9. Calculate x(-7).
-2
Let b(q) = q - 8. What is b(19)?
11
Let d(c) = 8*c - 133. What is d(31)?
115
Let i(f) = 2*f**2 - 12*f - 13. Calculate i(10).
67
Let i(g) = g**3 - 11*g**2 - 2*g + 7. Calculate i(11).
-15
Let h(n) = 3*n + 23. Calculate h(-8).
-1
Let f(q) = -q**2 - 13*q - 23. Calculate f(-11).
-1
Let w(d) = -d**3 + 24*d**2 - 43*d - 30. What is w(22)?
-8
Let b(y) = y**3 + 6*y**2 - 6*y - 48. What is b(-5)?
7
Let j(c) = 2*c**3 - 12*c**2 + 8*c + 1. Give j(5).
-9
Let j(z) = -4*z + 4. Calculate j(-6).
28
Let g(m) = m + 3. Give g(-14).
-11
Let u(a) = -a**3 + 3*a**2 + 6*a - 3. What is u(4)?
5
Let a(j) = -j**3 - 8*j**2 - 4*j. What is a(-9)?
117
Let j(b) = -b**3 - 2*b - 11. Determine j(-2).
1
Let m(c) = -2*c**2 + c + 6. Give m(-6).
-72
Let d(k) = -k**3 + 4*k**2 + 8*k + 8. Determine d(5).
23
Let u(d) = 2*d**2 - 71*d. What is u(35)?
-35
Let d(n) = -20*n + 14. Give d(5).
-86
Let d(x) = 9*x**2 - 6*x + 6. What is d(1)?
9
Let l(h) = 12*h - 246. What is l(19)?
-18
Let h(l) = -l**3 - 17*l**2 + 19*l + 17. What is h(-18)?
-1
Let j(g) = -2*g**3 - 5*g**2 - 4*g + 2. Calculate j(-3).
23
Let j(s) = s**2 + 16*s - 7. Give j(-16).
-7
Let k(o) = 2*o + 7. Give k(-6).
-5
Let q(i) = i**2 - 17*i + 28. Calculate q(14).
-14
Let l(x) = 4*x**2 + 45*x + 13. Give l(-11).
2
Let s(j) = j. Calculate s(-6).
-6
Let u(c) = c**3 - 8*c**2 + 4*c + 1. What is u(8)?
33
Let m(w) = -w + 8. Determine m(-3).
11
Let b(x) = -5*x + 33. Calculate b(6).
3
Let j(m) = -m + 4. What is j(4)?
0
Let b(i) = i**3 + 5*i**2 - 19*i - 39. Determine b(-7).
-4
Let p(j) = 6*j - 5. Determine p(10).
55
Let d(z) = z**2 + 8*z + 1. What is d(-5)?
-14
Let k(a) = 13*a - 229. What is k(18)?
5
Let c(o) = -73*o - 372. Determine c(-5).
-7
Let t(k) = -k**3 + 19*k**2 - 27*k - 38. Determine t(17).
81
Let k(g) = -g**3 + 5*g**2 + 9*g + 8. Determine k(7).
-27
Let b(c) = c**2 + 15*c - 14. Determine b(-16).
2
Let i(q) = q**3 - 7*q**2 + 41*q - 164. Give i(5).
-9
Let q(u) = -3*u + 43. Determine q(11).
10
Let o(b) = -5*b + 21. What is o(9)?
-24
Let w(x) = 3*x + 21. Give w(-17).
-30
Let i(b) = 3*b**2 + 7*b - 7. Give i(-3).
-1
Let r(y) = y**3 - 6*y**2 + 8*y - 8. Give r(5).
7
Let w(f) = -f**2 + 21*f + 10. What is w(17)?
78
Let d(v) = -v**3 + 3*v**2 - 4*v + 12. Determine d(5).
-58
Let x(z) = -z**2 + 6*z - 3. What is x(6)?
-3
Let n(l) = -l - 9. Give n(-7).
-2
Let m(g) = g**3 + 3*g**2 - 4*g - 11. Give m(-4).
-11
Let k(h) = h**2 + 23*h - 21. What is k(-22)?
-43
Let l(a) = a**3 + 14*a**2 + 39*a - 4. Determine l(-4).
0
Let q(v) = 7*v - 71. Determine q(9).
-8
Let i(m) = 9*m + 5. Give i(-4).
-31
Let j(b) = b + 6. Give j(12).
18
Let d(l) = -l**3 + 4*l**2 - 2*l - 1. Give d(-2).
27
Let c(o) = -5*o**2 + 71*o - 15. Calculate c(14).
-1
Let g(o) = o + 12. Give g(11).
23
Let q(d) = d**2 + 10*d + 3. What is q(-9)?
-6
Let h(r) = -27*r**3 + r**2 + 3*r - 3. Calculate h(1).
-26
Let p(t) = t**3 + 7*t**2 - 6*t - 21. Calculate p(-6).
51
Let g(p) = p**2 - 4*p + 1. Determine g(3).
-2
Let j(p) = -p**3 - 4*p**2 + 3*p + 3. What is j(-5)?
13
Let s(w) = 2*w**2 - 12*w - 24. Give s(7).
-10
Let j(s) = -s - 7. What is j(-12)?
5
Let q(y) = -7*y - 130. Give q(-13).
-39
Let d(w) = -w**3 - w**2 + 3*w + 2. Give d(2).
-4
Let x(n) = -6*n - 137. Determine x(-23).
1
Let h(t) = t**3 - 8*t**2 + 5*t + 3. Determine h(6).
-39
Let u(q) = q - 7. Give u(10).
3
Let j(i) = i**2 + 9*i. Determine j(-9).
0
Let c(h) = 2*h**3 - h**2 - 2*h - 4. Determine c(-2).
-20
Let m(t) = -t**3 + 6*t**2 - 6*t - 3. What is m(6)?
-39
Let r(n) = -n**3 + n**2 - 2*n + 3. Calculate r(2).
-5
Let w(a) = -a**3 - 10*a**2 - 8*a + 12. What is w(-9)?
3
Let q(w) = -w - 6. What is q(-2)?
-4
Let f(z) = -3*z**3 + 12*z**2 - 15*z + 14. What is f(3)?
-4
Let a(t) = 4*t - 32. Calculate a(6).
-8
Let v(c) = c**2 - c - 66. Determine v(9).
6
Let o(y) = -y**3 - 9*y**2 - y - 7. Give o(-10).
103
Let d(i) = i**2 + 7*i + 11. Determine d(-2).
1
Let m(d) = -29*d**3 + d**2 - d + 1. What is m(1)?
-28
Let x(y) = -y**3 - 6*y**2 - 5*y - 3. Calculate x(-3).
-15
Let j(m) = -14*m. Give j(-3).
42
Let o(v) = v**3 - 3*v**2 + v + 1. Wha